12/(-24))/((-1)/(-2361)).
2, 787
Let m be ((-6)/(-3) - 2) + 4. Let u(h) = h**2 - 6*h + 6. Let t be u(m). What are the prime factors of -1 - (t + 3)*-17?
2
Let n = 680 + -479. Suppose -55*a = -54*a - n. What are the prime factors of a?
3, 67
Suppose 19020 = 8*h - 25500. List the prime factors of h.
3, 5, 7, 53
Suppose -2*g = -14*g + 6684. List the prime factors of g.
557
Let q be (-40)/(-25) - 4/(-10). Suppose 2*v - q = v. Suppose y - 5*s = 0, -v*s - s = -y + 2. List the prime factors of y.
5
List the prime factors of (-1 - -2169) + -117 + 128.
2179
Suppose 0 = -m + 8 - 3. Suppose 4*g - 118 = 3*a, -2*a + 161 = m*g + a. What are the prime factors of g?
31
Let q(z) = -z**3 - 10*z**2 - 19*z - 3. Let u = 21 - 29. List the prime factors of q(u).
3, 7
Suppose -9*v - 733 = -238. Let k = 80 + v. What are the prime factors of k?
5
Suppose 0 = -3*f - q + 2659, -4*q + 3 + 13 = 0. What are the prime factors of f?
3, 5, 59
Let k be (0 - -1)/(-2)*14. Let b(y) be the third derivative of y**5/60 + y**4/6 + y**3/2 - 9*y**2. What are the prime factors of b(k)?
2, 3
Suppose 4*m - 1244 = -8. Suppose 3*g - 396 = m. What are the prime factors of g?
5, 47
Let q = 9 + -16. Let l = 9 + q. List the prime factors of (3 + -4)*-30 - l.
2, 7
Suppose 7*j - 3*j = 0. Suppose 3*p - 114 = -j*p. What are the prime factors of (-1)/((-78)/p - -2)?
19
Let f be 3 + 53*(0 - -1). List the prime factors of (-1)/4 + 3318/f.
59
Suppose 0 = 10*s - 11*s + 338. Suppose d - 126 = -3*j, s = 3*d - 3*j + 20. List the prime factors of d.
3, 37
Let m(l) = l**2 - 2*l - 3. Let q be m(0). What are the prime factors of (-241)/q + (-28)/(-42)?
3
Let x be (81/(-36))/(3/12). Let o(v) = -v**3 - 7*v**2 + 4*v + 17. What are the prime factors of o(x)?
11, 13
Suppose 8 = 3*w - 1. Suppose -g + w*g = -14. Let c = g - -18. List the prime factors of c.
11
Suppose -w - 4*w + 145 = 0. Let g = w + 22. Suppose 0 = -4*k + 9 + g. What are the prime factors of k?
3, 5
Suppose -3*v + 143 = 2*n, 0 = -5*v - n + 304 - 61. Let b = 98 - v. List the prime factors of b.
7
Suppose -3*r + 3*z = r + 12, -4*z = 3*r - 16. Suppose a = -5*q + 43, 4*q + a - 21 - 14 = r. Let f = 13 - q. What are the prime factors of f?
5
Let i = -58 - -53. Suppose 0 = -4*s + 5*o + 131, s - 2*s - o = -26. Let j = i + s. List the prime factors of j.
2, 3
Let s be 8504/34 + 2/(-17). Suppose s = d + 4*d. Let o = d - 28. What are the prime factors of o?
2, 11
Suppose 0 = i - 14*i + 12766. List the prime factors of i.
2, 491
Let v be (5 - 4) + 44/(-2). Let a = -7 - v. Suppose 2*z - w - 21 = 0, 3*z = 5*w + a + 28. What are the prime factors of z?
3
Let t(q) = -3 + 0 - 4 - 3*q + 0. Let c be t(-4). Suppose -3*i - 4*j + 100 = 24, -c*j = -5. What are the prime factors of i?
2, 3
Let m = -178 - -1244. What are the prime factors of m?
2, 13, 41
Let a(c) = -c**3 + 14*c**2 + 20. Let r be a(14). Let p be (-1 - (-28)/r)*5. Suppose 0 = p*u - 16 - 104. List the prime factors of u.
2, 3, 5
Suppose -2*j + 3*x = 3*j - 35, 2*x = -3*j + 21. Let i be j*31*(-12 - -13). Suppose 0 = v + 4*d - 0*d - 67, -3*v - 4*d + i = 0. What are the prime factors of v?
3, 5
Let y(x) = -20*x - 30. Let a be y(-7). Suppose -467 = -4*r - z, z + a = r - z. What are the prime factors of r?
2, 29
Let c = -6 - -10. Suppose 0 = 5*t + 5*b - 60, -c*t + 3*b + 50 = 8*b. Suppose -j - 1 = -t. List the prime factors of j.
3
Suppose -5*r + x = -3186, -16*r + x = -17*r + 636. What are the prime factors of r?
7, 13
Suppose 38*q - 35*q = 2*h + 1369, -1797 = -4*q - 3*h. List the prime factors of q.
3, 151
Suppose -6*k = -3103 - 2549. List the prime factors of k.
2, 3, 157
Let h(d) = -8*d**2 - 8*d - 15. Let g be h(-5). What are the prime factors of 499/7 + 5/(g/10)?
71
Suppose 4*s - 4*d = 18632, -d + 13974 = -6*s + 9*s. List the prime factors of s.
2, 17, 137
Let x be ((-2)/4)/((-2)/24). Let l(m) = m - 3. Let t be l(x). Suppose -4 = -t*g + 50. What are the prime factors of g?
2, 3
Suppose -4*h = k - 812, 7*k - 2462 = 4*k + h. List the prime factors of k.
2, 5, 41
Suppose j - 15317 = -3*n, -112*n + 109*n - 3*j = -15321. What are the prime factors of n?
5, 1021
Let w(h) = -h**2 - 5*h - 3. Let f be w(-3). Suppose 0 = a + f, 3*g = -5*a - 0 + 3. Let o = 12 + g. List the prime factors of o.
2, 3
Let j = 10090 + -5657. List the prime factors of j.
11, 13, 31
Let w(h) = -538*h**3 - 15*h**2 - 4*h + 3. What are the prime factors of w(-2)?
5, 23, 37
Let p = 18 - 10. Let n be 10/(-4) + (-2)/4. What are the prime factors of (2 - p)/(6/n)?
3
Let t = -261 - -381. Let r be ((-72)/(-10))/((-16)/t). Let o = -29 - r. What are the prime factors of o?
5
Let h be ((-4)/(-8)*18)/1. Let g be 15*3/h + -1. Suppose -180 - 22 = -g*r + 2*q, 3*r - 147 = -3*q. List the prime factors of r.
2, 5
Let p(x) = 5 + 9*x**2 + 4*x**3 - 3*x**3 + 8*x + 5*x**2 + 5*x. Let q be p(-13). Suppose r + r - 90 = -q*t, 5*t - 90 = 2*r. What are the prime factors of t?
2, 3
Let u(o) be the first derivative of 11*o**3/3 + o**2 + 4*o + 18. What are the prime factors of u(-4)?
2, 43
Let z = 200 + -55. Let v = z + -81. What are the prime factors of v/4 - (-1 - 0)?
17
Let m(h) = -13*h**3 - 8*h**2 + 3*h + 17. List the prime factors of m(-5).
1427
List the prime factors of (2 - 1)/(-2 + 119364/59676).
4973
Let y = 9 - 15. Let i(c) = -c**2 - 5*c + 8. Let q be i(y). Suppose 20 - 68 = -q*l. What are the prime factors of l?
2, 3
Let c(h) = -h**2 + 6*h + 9. Let j be c(7). Let u(s) = 1 - 13*s**2 - s + 20*s**j - s. What are the prime factors of u(1)?
2, 3
Let j(c) = c**3 + c**2 + 3*c - 3. Let o be j(2). What are the prime factors of (4 + o/6)*10?
5, 13
Let t(w) be the third derivative of w**4/12 + 8*w**3/3 - 14*w**2. List the prime factors of t(5).
2, 13
Let z = -38 - -76. Let b = 73 - z. List the prime factors of b.
5, 7
Let g(n) = 5*n**2 - 31*n + 65. What are the prime factors of g(11)?
7, 47
Let z = -233 + 670. What are the prime factors of z?
19, 23
Suppose 18*z - 4*i - 4210 = 16*z, 0 = -5*z + 5*i + 10510. List the prime factors of z.
2099
Suppose -4*w + 20 = w. List the prime factors of (-2)/w*178*-1.
89
Let f(j) = 16*j + 8. Let u be f(4). Let d = u - 30. Suppose -289 = -4*z + 3*k - d, z + 4*k - 57 = 0. List the prime factors of z.
61
Suppose 0 = d + d - 6. Suppose 0*i - k - 139 = -d*i, i + 2*k = 44. Suppose 4*h - 18 = i. List the prime factors of h.
2
Let k = 173 + -80. Let j = k - 47. Suppose 3*g + 3*s = 102, -158 + j = -3*g + 2*s. List the prime factors of g.
2, 3
Let j(a) = 2*a + 14. Let s(w) = -w**2 - 10*w - 7. Let v be s(-8). Let r(u) = u + 4. Let p be r(v). What are the prime factors of j(p)?
2, 5
Suppose 4 = y - 2. Let x be 8/(-8)*y/2. Let l = x - -6. List the prime factors of l.
3
Let q be (-8 - -24)*(-1)/(-2). List the prime factors of (-2)/q + (-1611)/(-12).
2, 67
Suppose -v + 72 + 844 = 0. List the prime factors of v.
2, 229
Suppose 0 = -5*j - 5*r + 420, 2*j - r - 133 - 26 = 0. List the prime factors of j.
3
Let t(o) = -o - 1. Let y(h) = -h**3 + 8*h**2 + 16*h. Let b(c) = 6*t(c) + y(c). Let i be b(9). List the prime factors of i - 7/((-14)/12).
3
Suppose h = -5*w + 4*h, 0 = w - 2*h + 7. Suppose 6*q - 4*q - 2*g = 340, 4*g = w*q - 505. List the prime factors of q.
5, 7
Let o(i) = 2*i + 36. Let c be o(-15). Suppose c = k - 10. What are the prime factors of k?
2
Suppose 4*p - 4 = 0, 172 = r - 5*p - 38. What are the prime factors of r?
5, 43
Let i(t) = t**3 + 19*t**2 + 10*t - 9. Let l be i(-9). Suppose 3*z = 3*p - l, -5*p = -p + 5*z - 948. List the prime factors of p.
3, 79
Let f(r) = -r**2 - 7*r + 1. Let h be f(-5). Let a = -9 + h. Suppose 16 = a*g - 24. What are the prime factors of g?
2, 5
Let h be 8/(-3) - 10/30. List the prime factors of (-14)/h*(-195)/(-13).
2, 5, 7
List the prime factors of 35156/(21 - 10) + -6.
2, 5, 11, 29
Let v(p) = p - 5. Let d be v(6). Let w be -1 + -4 + d + 1. Let u(m) = m**3 + 3*m**2 - m + 2. What are the prime factors of u(w)?
5
Suppose 2*o + 232 = -5*d + 3923, 0 = -d + 2*o + 743. What are the prime factors of d?
739
Let b(o) = 41*o + 17. Let a be b(5). Let h = a - 82. List the prime factors of h.
2, 5, 7
Let v(c) = -42*c + 90. Let x(g) = -2*g + 1. Let j(k) = -v(k) + 5*x(k). What are the prime factors of j(9)?
7, 29
Suppose -c + 0*b + b - 17 = 0, -3*c - 26 = 2*b. List the prime factors of c/(-3) + (-1 - -16).
19
Suppose 39 = -u - 2*u + 4